rue
Is 45 a factor of 453005?
False
Does 25 divide 522375?
True
Is 4260769 a multiple of 53?
False
Is 943913 a multiple of 234?
False
Does 75 divide 37420?
False
Is 668 a factor of 331328?
True
Is 2676380 a multiple of 49?
True
Is 7427 even?
False
Is 3847515 a multiple of 759?
False
Does 27 divide 2023731?
True
Does 81 divide 462775?
False
Does 8 divide 68216?
True
Does 145 divide 4493171?
False
Does 140 divide 4836699?
False
Does 13 divide 341071?
False
Is 59 a factor of 19135858?
False
Is 353476 a multiple of 9?
False
Is 273654 a multiple of 138?
True
Is 1336461 a multiple of 23?
True
Is 4477484 a multiple of 1251?
False
Does 17 divide 340061?
False
Is 10050493 a multiple of 359?
False
Is 10 a factor of 124020?
True
Is 543036 a multiple of 75?
False
Is 18 a factor of 181575?
False
Is 229 a factor of 12162877?
True
Is 23 a factor of 166737?
False
Does 127 divide 96139?
True
Is 148 a factor of 163244?
True
Is 7 a factor of 128419?
False
Does 37 divide 389366?
False
Does 23 divide 544157?
True
Is 193702 a multiple of 3?
False
Is 25 a factor of 109441?
False
Is 460 a factor of 6550400?
True
Does 2 divide 102847?
False
Does 104 divide 21840?
True
Is 1698749 a multiple of 13?
True
Is 17 a factor of 18741127?
False
Does 4 divide 253574?
False
Is 1011382 a multiple of 16?
False
Is 539815 a multiple of 535?
True
Is 832048 a multiple of 38?
True
Is 6070911 a multiple of 27?
False
Is 27 a factor of 38292?
False
Is 333960 a multiple of 363?
True
Does 216 divide 468641?
False
Is 90503 a multiple of 7?
True
Does 421 divide 320230?
False
Is 103883 a multiple of 131?
True
Is 16311617 a multiple of 451?
False
Is 18 a factor of 15467726?
False
Does 212 divide 440536?
True
Does 72 divide 18581889?
False
Is 1193 a factor of 12831908?
True
Is 149795 a multiple of 229?
False
Is 593310 a multiple of 115?
False
Does 123 divide 479866?
False
Is 160642 a multiple of 15?
False
Does 290 divide 1931110?
True
Is 17 a factor of 1174428?
True
Is 10116 a multiple of 12?
True
Does 32 divide 69088?
True
Does 201 divide 7482426?
True
Is 8297016 a multiple of 348?
True
Is 6 a factor of 14556?
True
Is 3 a factor of 3082?
False
Is 4 a factor of 2211509?
False
Is 1830203 a multiple of 188?
False
Is 122 a factor of 2196366?
True
Is 98260 a multiple of 68?
True
Is 97 a factor of 78399?
False
Is 706 a factor of 4051734?
True
Does 16 divide 3183695?
False
Is 40700 a multiple of 5?
True
Is 10 a factor of 146830?
True
Is 4 a factor of 655359?
False
Is 4329672 a multiple of 24?
True
Does 93 divide 593919?
False
Is 25 a factor of 225996?
False
Does 335 divide 4125860?
True
Is 700784 a multiple of 4?
True
Is 708505 a multiple of 653?
True
Does 29 divide 537834?
True
Does 2 divide 362599?
False
Is 2732583 a multiple of 484?
False
Is 19 a factor of 247893?
True
Does 15 divide 10395?
True
Is 401 a factor of 18746309?
False
Is 3 a factor of 2211354?
True
Does 2 divide 57947?
False
Does 15 divide 55710?
True
Is 2388704 a multiple of 32?
True
Is 24 a factor of 788544?
True
Is 60 a factor of 123848?
False
Is 2486226 a multiple of 179?
False
Is 39 a factor of 6039540?
True
Is 449 a factor of 268664?
False
Does 17 divide 8555930?
True
Is 92 a factor of 6538812?
False
Is 7 a factor of 162204?
True
Is 95394 a multiple of 26?
True
Is 129 a factor of 35812?
False
Is 1261815 a multiple of 26?
False
Is 1537124 a multiple of 70?
False
Is 2355712 a multiple of 128?
True
Is 2628467 a multiple of 196?
False
Is 614204 a multiple of 97?
True
Is 543 a factor of 237415?
False
Is 9 a factor of 164997?
True
Is 71208 a multiple of 9?
True
Is 5 a factor of 40100?
True
Does 61 divide 4286641?
False
Is 5 a factor of 101185?
True
Is 19083158 a multiple of 13?
False
Is 28 a factor of 27010?
False
Is 8244033 a multiple of 29?
True
Is 1058348 a multiple of 37?
True
Does 52 divide 138972?
False
Does 16 divide 139456?
True
Does 5 divide 8895?
True
Does 22 divide 144210?
True
Is 17 a factor of 872797?
True
Is 36 a factor of 561488?
False
Is 11180541 a multiple of 12?
False
Is 894888 a multiple of 13?
False
Is 73 a factor of 70937?
False
Does 2 divide 394497?
False
Is 3769535 a multiple of 52?
False
Is 754416 a multiple of 144?
True
Does 43 divide 24795692?
True
Is 170 a factor of 114240?
True
Is 58 a factor of 4632438?
False
Does 777 divide 699461?
False
Is 1579942 a multiple of 14?
True
Does 5 divide 5115?
True
Is 125 a factor of 188500?
True
Is 3098676 a multiple of 1036?
True
Is 1661352 a multiple of 616?
True
Is 12 a factor of 1069956?
True
Is 35742 a multiple of 7?
True
Does 2 divide 37779?
False
Is 4886892 a multiple of 130?
False
Is 146322 a multiple of 66?
True
Is 61 a factor of 265472?
True
Is 6209598 a multiple of 1082?
True
Is 44 a factor of 27675?
False
Does 72 divide 3856823?
False
Is 711303 a multiple of 676?
False
Does 445 divide 2094615?
True
Does 45 divide 33615?
True
Does 27 divide 571725?
True
Is 4104163 a multiple of 51?
False
Is 2 a factor of 57680?
True
Does 3 divide 266722?
False
Is 4875181 a multiple of 923?
False
Is 60 a factor of 46494?
False
Does 41 divide 67431?
False
Is 189170 a multiple of 5?
True
Is 209 a factor of 46189?
True
Is 15485 a multiple of 95?
True
Is 1038073 a multiple of 298?
False
Is 48384 a multiple of 9?
True
Does 41 divide 873421?
False
Is 15 a factor of 2006625?
True
Does 162 divide 3442934?
False
Is 46222 a multiple of 121?
True
Is 44010 a multiple of 45?
True
Does 58 divide 171849?
False
Is 264 a factor of 22340?
False
Does 18 divide 2996652?
False
Does 578 divide 11540630?
False
Is 4359215 a multiple of 55?
False
Does 14 divide 178917?
False
Does 164 divide 98590?
False
Does 48 divide 1367599?
False
Is 265 a factor of 182687?
False
Is 29975 a multiple of 275?
True
Does 11 divide 451221?
False
Is 631368 a multiple of 111?
True
Is 39 a factor of 15564516?
False
Is 37 a factor of 6151102?
True
Does 19 divide 2018864?
True
Is 321 a factor of 53286?
True
Is 5239836 a multiple of 18?
True
Is 18 a factor of 48132?
True
Is 20 a factor of 2020860?
True
Is 8386 a multiple of 7?
True
Does 97 divide 342946?
False
Is 35673 a multiple of 47?
True
Is 734552 a multiple of 330?
False
Does 14 divide 1388?
False
Is 17 a factor of 16572039?
False
Is 177 a factor of 767000?
False
Is 17 a factor of 5341266?
False
Is 107 a factor of 126581?
True
Does 68 divide 155720?
True
Does 53 divide 2376043?
True
Is 2 a factor of 19543?
False
Is 10564 a multiple of 4?
True
Does 173 divide 398686?
False
Is 11 a factor of 5369870?
True
Is 2574275 a multiple of 129?
False
Is 719175 a multiple of 43?
True
Does 96 divide 2879136?
True
Is 285380 a multiple of 104?
False
Is 23165880 a multiple of 2130?
True
Is 66 a factor of 1379202?
True
Does 422 divide 1338518?
False
Does 74 divide 190698?
True
Does 15 divide 1118619?
False
Is 242045 a multiple of 473?
False
Is 58 a factor of 6164994?
True
Is 191 a factor of 66086?
True
Is 1671320 a multiple of 20?
True
Is 4 a factor of 9908?
True
Does 287 divide 204982?
False
Is 88 a factor of 1118656?
True
Is 465991 a multiple of 3?
False
Is 3 a factor of 101679?
True
Is 114 a factor of 118560?
True
Does 155 divide 151280?
True
Is 33 a factor of 1577895?
True
Is 42500 a multiple of 68?
True
Is 244595 a multiple of 71?
True
Does 26 divide 2014014?
False
Is 36522 a multiple of 20?
False
Does 278 divide 10080280?
True
Is 633 a factor of 624610?
False
Is 541 a factor of 40962805?
False
Does 190 divide 8360?
True
Does 86 divide 94600?
True
Does 10 divide 2845439?
False
Is 568 a factor of 1388646?
False
Is 2789512 a multiple of 88?
True
Is 52 a factor of 1025487?
False
Does 22 divide 552982?
False
Is 186 a factor of 242229?
False
Is 5037431 a multiple of 32?
False
Is 9688658 a multiple of 241?
False
Is 2512442 a multiple of 22?
False
Is 7 a factor of 188050?
False
Is 5633278 a multiple of 339?
False
Is 5 a factor of 7730?
True
Does 29 divide 6746937?
True
Is 12 a factor of 230244?
True
Is 23 a factor of 7265141?
False
Does 132 divide 2326764?
True
Is 56 a factor of 17920?
True
Is 18 a factor of 415098?
True
Is 294177 a multiple of 7?
False
Is 430487 a multiple of 7?
False
Is 697722 a multiple of 3?
True
Does 264 divide 9500660?
False
Is 182806 a multiple of 26?
True
Is 12 a factor of 66927?
False
Is 82681 a multiple of 5?
False
Is 4139820 a multiple of 422?
True
Is 166 a factor o